n factor of q and o?
16
Let q be (66/(-4) + -3)/(1/2). Let c = q + 67. What is the greatest common factor of 308 and c?
28
Let u(t) = -t**3 - 34*t**2 + 34*t - 15. Let l be u(-35). Calculate the greatest common divisor of l and 10.
10
Let q = 1 + 24. Let r be 568/426*2/(8/(-6)). Let a = r + q. Calculate the highest common divisor of 161 and a.
23
Let c(t) = 26*t - 2. Let g be c(7). Calculate the greatest common divisor of g and 45.
45
Let q = 36 + -33. Suppose -q*w - 2*z = -6*w + 113, 159 = 4*w - z. What is the highest common divisor of w and 82?
41
Let p be 54/(-8) + 7 - (-95)/4. Calculate the highest common divisor of p and 36.
12
Let s be 26*1 - (2 + -4). Let w be (-55)/(-2) + -2 + (-35)/(-14). What is the highest common divisor of s and w?
28
Let n = 34 - 19. Suppose -3*v = 2*v - n. What is the greatest common divisor of v and 3?
3
Let m = 726 - 686. Calculate the highest common divisor of m and 180.
20
Let w(s) = -s**2 - 31*s + 287. Let u be w(-38). Calculate the highest common divisor of 7 and u.
7
Let t = -166 - -169. Calculate the greatest common factor of t and 27.
3
Suppose 1012 = -20*s + 24*s. Calculate the highest common divisor of s and 11.
11
Let g be 6/(-45)*3*-50. Let l = -240 + 300. What is the highest common factor of g and l?
20
Let v be 360/(-7)*(-35 - -28). Calculate the highest common divisor of v and 80.
40
Let d(s) = -s**3 - 18*s**2. Let r be d(-18). Suppose -4*j = -3*u - j + 156, -4*u - 4*j + 192 = r. What is the highest common divisor of u and 10?
10
Let v = -585 - -1485. What is the highest common divisor of 144 and v?
36
Let j(h) = h**3 - h**2 + 2*h - 2. Let c be j(2). Let k = 4 - c. Let x be k/(-4)*(-138)/(-3). Calculate the highest common factor of x and 23.
23
Suppose 5*d + 5*i - 120 = 45, 5*i = 5*d - 135. Let j = d - 28. Suppose -5*f - j*l = -50, -2*l + 6 + 34 = 4*f. What is the greatest common factor of f and 10?
10
Let o = -48 + 13. Let c = 27 - o. What is the greatest common factor of 155 and c?
31
Suppose r = -y + 26, 4*y + 4*r = 2*y + 62. Let k = y + -17. Suppose 39 = 4*m - z, -k*m + 5*z + 51 = -0*m. What is the highest common factor of m and 9?
9
Let m be 4/(-5) + (-1488)/(-60). Suppose f + 9 = m. What is the highest common factor of 15 and f?
15
Suppose -4*t - 54 = 2*d, 5*t = 3*t + d - 37. Let h(o) = -4*o - 39. Let y be h(t). Calculate the highest common divisor of y and 75.
25
Suppose 15*j = 21*j - 180. What is the greatest common factor of j and 160?
10
Let n = -13 - -68. What is the greatest common factor of n and 33?
11
Suppose -4*j - 61 = 139. Let z = j + 64. Calculate the greatest common factor of z and 14.
14
Let k be (8/(-12))/((-3)/18). Suppose k*i - 135 = i. What is the greatest common factor of i and 30?
15
Suppose 3*z + 2*y - 212 = 0, -9*y = 3*z - 5*y - 202. What is the greatest common factor of z and 37?
37
Let y(j) = 28*j + 2. Let u be y(7). Suppose 0 = -2*z - 2*x + 32, -31*z - 3*x + 12 = -30*z. What is the greatest common factor of u and z?
18
Let o(v) = 28*v**2 - 4 + 4 + 4 - v**3 - 14*v - 39*v**2. Let d be o(-10). Calculate the highest common factor of 11 and d.
11
Let x be (-78)/60 + 24/80 - -731. Calculate the highest common divisor of x and 876.
146
Let l(b) = -30*b - 16. Let m be l(-1). Calculate the highest common divisor of 448 and m.
14
Suppose -14*t + 15 = -15*t. Let a = 27 + t. What is the highest common divisor of a and 96?
12
Suppose -10*y = -1814 - 106. What is the highest common factor of y and 12?
12
Let p = 806 + -622. What is the highest common divisor of p and 253?
23
Let d = 185 + -45. Calculate the highest common divisor of d and 14.
14
Let g = 49 - 13. Suppose 5*h - 357 = -2*z, 6*h - 2*h = 12. Let m = z - 167. What is the highest common factor of g and m?
4
Suppose -q = -86 + 85. Suppose 4*b - 4*s = -0*s + 40, -2*s = -3*b + 27. Calculate the greatest common factor of b and q.
1
Let p be ((-32)/(-20))/(4/(-240)). Let z = 173 + p. What is the highest common divisor of z and 11?
11
Let c be 308/20 + (-14)/35. Let r be ((-1)/(-2))/(1/(-2)). Let t be 7 + (-1 - r/(-1)). What is the highest common factor of t and c?
5
Let u(t) be the first derivative of t**3/3 - 21*t**2/2 + 14*t - 11. Let w be u(21). Calculate the highest common divisor of 35 and w.
7
Let n(v) = -v**3 + 31*v**2 + 67*v - 31. Let g be n(33). What is the highest common divisor of 46 and g?
2
Suppose 0 = 762*b - 759*b - 36. What is the highest common factor of 1800 and b?
12
Let v be ((-9)/27)/(1 + (-1716)/1719). Let u = -31 - v. Calculate the greatest common factor of 32 and u.
32
Suppose 4110 = 2*n + 4*n. Let q = n + -388. Calculate the highest common divisor of 27 and q.
27
Suppose 2 + 13 = 3*s. Suppose -2*j + s*v + 1 = -3, -5*j + 3*v + 10 = 0. Suppose 0 = -2*m + 8, -y - j*m = -26 - 6. What is the highest common divisor of 6 and y?
6
Suppose -3*r - 16 = -94. Calculate the highest common factor of r and 416.
26
Let d(h) = h**3 - 9*h**2 + 6*h - 40. Let y be d(9). Calculate the highest common divisor of y and 2324.
14
Let u be (-125)/10*12/15. Let p = u - -38. Suppose 3*y - p = -y. Calculate the greatest common divisor of y and 56.
7
Suppose q - 95 = -5*s, 0 = -q - 3*q - 2*s + 380. Calculate the greatest common divisor of 38 and q.
19
Suppose 0 = 16*h + 17*h - 132. Suppose -4*t = -5*p + 44, -4*p + 26 + 7 = -t. What is the highest common divisor of p and h?
4
Suppose -2*x = 4*m + x - 15, 5*m + 2*x = 10. Suppose -4*v = 5*i - 70, 3*v + 1 + 14 = m. Calculate the greatest common divisor of i and 72.
18
Suppose -3*w = 4*q - 124, 5*q = -4*w + 26 + 130. Let l be ((-18)/(-4))/(3/q). What is the greatest common divisor of 14 and l?
14
Let k(p) = 12*p**2 - 8*p - 22. Let m be k(-11). What is the highest common factor of 138 and m?
138
Let i = 7 + -3. Suppose -340 = -4*g + n, -4*g + 390 = -i*n + 50. Calculate the highest common factor of g and 17.
17
Let p be (-2)/(7/(105/(-10))). Suppose p*l - 444 = 177. Calculate the highest common divisor of 23 and l.
23
Let n(f) be the second derivative of f**4/12 - f**3/3 + 2*f**2 + 7*f. Let s be n(-5). Suppose 73 = 4*h + 21. What is the greatest common factor of s and h?
13
Let q(p) = 11*p - 18. Let b be q(2). Let a be 6/(-8) + (7 - (-367)/b). What is the highest common factor of a and 147?
49
Suppose 0*z + 3*n + 4 = -z, -2*n + 4 = 4*z. Suppose -6 = -2*r - z. Suppose g - 2 = r*k - 0*k, -3*g + 3*k = -18. What is the highest common divisor of g and 20?
10
Suppose 2*t = 4*t - 1292. Let d = t - 403. Calculate the greatest common factor of d and 27.
27
Suppose 420 = 8*n + 60. Let v be (55/4)/((-148)/(-144) + -1). What is the greatest common factor of n and v?
45
Let s(b) = 3*b**2 + 2*b - 1. Let c be s(1). Suppose -5*k + 31 = c*t, 3*k = -0*k - t + 13. Suppose 5 + 7 = k*x. What is the highest common divisor of 4 and x?
4
Suppose 6 = -9*c + 10*c. Let m(t) = t**3 - 7*t**2 + 7*t - 3. Let i be m(c). Calculate the highest common divisor of 3 and i.
3
Let w(s) = 9*s - 434. Let d be w(58). What is the highest common factor of 8 and d?
8
Suppose -4*d + 4 = -104. Let g be 14/(-18) + 1 + (-31200)/(-1755). What is the highest common factor of g and d?
9
Let g = -34 + 34. Suppose 2*r + 0*r - 30 = g. What is the highest common factor of r and 3?
3
Let b be (-1304)/40*(-1)/((-1)/(-5)). Let q = -139 + b. Suppose 4*h + h - 840 = 0. Calculate the highest common divisor of h and q.
24
Suppose -4*r - 87 = -m, r = 4*m - 32 - 241. Suppose -j + m = 17. Suppose 0*x - j = -5*x. What is the highest common factor of 40 and x?
10
Suppose 0*y + 2*y = 12. Let s(n) = -2*n + 34. Let w be s(12). Suppose -5*x + w*x = 30. Calculate the greatest common divisor of y and x.
6
Suppose -q = -133 + 45. What is the greatest common divisor of 32 and q?
8
Suppose q = 5*g - 36, 5*g + 2*q - 34 = q. What is the highest common divisor of g and 14?
7
Let p(i) be the second derivative of -13*i**3/2 + i**2 + i. Let v be p(-2). Calculate the greatest common divisor of 16 and v.
16
Suppose -4*j = 7 + 1. Let p be ((-1)/2)/(j/36). Calculate the highest common divisor of 6 and p.
3
Let j(l) = -l + 2. Let o be j(6). Let z be -76*4/(-8) + o. Suppose -m + z = m. What is the highest common factor of m and 17?
17
Suppose -7*n + 10*n = 6. Suppose v = c - 2*c + 12, -n*c = -v + 3. Let k be 1156/16 + 2/(-8). Calculate the greatest common divisor of k an